(j) = 443*j - 52. Is n(7) a prime number?
True
Let s(r) = r**3 + 12*r**2 - 9*r - 15. Let n(y) = y**2 + 8*y - 4. Let q be n(-7). Is s(q) a composite number?
True
Let o = -5 - -10. Suppose 3 = -s, 4*n + o*s + 66 - 247 = 0. Is n a composite number?
True
Suppose -906 = 3*j - 6*j. Let u = -153 + j. Is u a prime number?
True
Suppose -4*r + r + 9 = 0. Suppose -4*j = -r*j - 111. Is j a prime number?
False
Let j(q) = 1 + 0 - 6*q - 3*q**2 + 2*q**2. Let i be j(-6). Let z = 5 - i. Is z a composite number?
True
Let o = 478 - 185. Is o a prime number?
True
Let v = 7600 + -3076. Is v/44 - (-4)/22 a composite number?
False
Suppose 0 = 5*n + 696 - 2796. Suppose 0 = -4*h + n + 132. Suppose -3*o + i = 5*i - 135, h = 3*o + 3*i. Is o prime?
False
Is (1 + 6327/3)*(-10)/(-20) composite?
True
Suppose 1905 = 6*n + 399. Is n a prime number?
True
Let r(j) = -j**3 + 5*j**2 + j - 3. Let l be r(5). Let y(g) = -4*g**2 + 4*g**l - g + 5*g**2 + 3*g**2. Is y(-1) composite?
True
Let g(m) = -11*m**3 + 1. Let o = 6 - 3. Suppose -a + 4 = -o*a. Is g(a) a prime number?
True
Suppose -4*g + 6490 = 18*g. Is g a composite number?
True
Suppose -n = -y + 5, 3*y - 3 = -4*n + 5. Let b(s) = s**2 - 15*s - 5. Let k be b(9). Is (-2)/(y - 2)*k a composite number?
False
Suppose 0 = w + 4*w - 30. Let a be (-2)/(-3)*(w + -3). Suppose -i = -5 - a. Is i prime?
True
Let s be (-5)/10*(-1 - -1). Suppose 0*b + 3*b - 171 = s. Is b prime?
False
Let s = -13 - -8. Let m be 8/s*15/(-6). Is ((-2)/(-3))/(m/318) composite?
False
Suppose 2*l = -2*l + 4. Is l*13*(4 + -2) a composite number?
True
Let g be -1*((-4 - -4) + 398). Let s = g + 607. Is s a prime number?
False
Suppose 3*x - 49 = -274. Let k = x + 112. Is k a composite number?
False
Let a = 243 + -64. Is a prime?
True
Let w = -119 + 196. Is w a composite number?
True
Let d(n) = n**3 - 5*n**2 - 2*n + 4. Let r be d(5). Is 9 - (r/(-3) - 2) a prime number?
False
Suppose 3*q - 8 = -q. Let s(r) = r**2 - r - 1. Let x be s(q). Let p = x + 2. Is p a prime number?
True
Let l(t) = 3*t + 4. Let h be l(-8). Let s = 34 + h. Is s composite?
True
Let l be 4*(-3)/((-3)/58). Suppose 0 = 2*t - 6*t + l. Is t a prime number?
False
Let i = 112 + 37. Is i composite?
False
Let t(y) = -9 + 0*y + y + 0*y + 47. Let l be (-1)/(-4) + (-2)/8. Is t(l) composite?
True
Let f(z) = 24*z**2 - 10*z - 33. Let c(g) = 16*g**2 - 7*g - 22. Let a(d) = 8*c(d) - 5*f(d). Is a(7) a prime number?
False
Let n(d) be the third derivative of -1/120*d**6 - 1/6*d**4 + 0 - d**2 + 7/60*d**5 + 1/2*d**3 + 0*d. Is n(4) composite?
True
Let d(f) = 9*f + 3. Let i(l) = -2*l - 1. Let j(r) = 6*d(r) + 26*i(r). Let y be j(6). Suppose 0 = 2*g + y, q - 4 + 2 = -4*g. Is q composite?
True
Suppose 4*u - 422 + 110 = -4*v, 160 = 2*v + 3*u. Is v a prime number?
False
Let h(v) be the third derivative of v**5/60 - v**4/24 + 58*v**3/3 - v**2. Let k be h(0). Suppose 0 = 3*n - 767 + k. Is n a composite number?
True
Let d = -4 + 6. Suppose 86 - 350 = -d*k. Suppose -o = 4*p - k - 5, -5*p - 4*o = -174. Is p prime?
False
Suppose 1891 = 3*q - 3188. Is q a composite number?
False
Let g(y) = -y + 4. Let j be g(-10). Let a = -4 + j. Is a composite?
True
Suppose -4*t = -t - 105. Suppose 4*i - 3*i - t = -y, 4*y + 166 = 5*i. Is i prime?
False
Let x(j) = -j**3 + 6*j**2 + 9*j - 3. Is x(6) a composite number?
True
Let v be 195/4*(-8)/(-3). Let s = 195 - v. Is s a prime number?
False
Suppose 4*g = -2*f + 1200, f - 2*f + 901 = 3*g. Is g composite?
True
Let f be 3/(-3) - (-2 + -3). Is (-1)/(-4) + 355/f a composite number?
False
Suppose -23 = z + 24. Let b = 73 + z. Is b prime?
False
Suppose -944 = -0*k - 4*k. Is k/6 + (-2)/6 composite?
True
Let f(r) = -1806*r. Let u be f(-1). Suppose m = -5*m + u. Is m prime?
False
Suppose t = -c + 340, -2*c - 1008 = -3*t - c. Is t a prime number?
True
Let k(u) = -u**3 - 7*u**2 - 2*u + 1. Let t be k(-7). Let z be ((-2)/(-4))/((-2)/80). Let a = t - z. Is a a prime number?
False
Suppose 2*r - 67 = 77. Suppose -4*p + x = -77, -4*p + r + 25 = -5*x. Let n = 16 + p. Is n a prime number?
False
Let n(r) = 17*r**2 + r + 2. Let o(c) = 33*c**2 + 3*c + 3. Let w(m) = -5*n(m) + 3*o(m). Let a be 1*9/6*-2. Is w(a) a prime number?
True
Is (3 - (-197)/(-2))*-2 prime?
True
Suppose 2*v - 2*l = 4*v + 166, -5*v - 435 = l. Is 3/9*3 - v a composite number?
False
Let k be -165*2*2/(-4). Suppose 3*l = -2*l + k. Is l prime?
False
Let b be 30*((-18)/(-4) - 3). Let g = 12 - 4. Suppose -r = -b - g. Is r composite?
False
Suppose -338 = a + 4*f, 3*f + 157 = -a - 186. Let v = 831 + a. Is v prime?
False
Is (58 - 5)*(-1 + 2) a prime number?
True
Suppose -4*f + 5*a = -8376, -f - 4182 = -3*f + 4*a. Is f composite?
False
Let u(g) = g**2 - 8*g + 9. Let k be u(7). Suppose -4*x - w + 188 = 0, k*w = 6*w. Is x composite?
False
Let l(a) = -a**2 + a + 5. Let g be l(-4). Is 2/5 - 189/g prime?
True
Let h(n) = 2*n**3 - 7*n**2 + 6*n - 4. Let k be h(4). Suppose 5*o - k + 11 = 0. Suppose o*b = 86 - 16. Is b prime?
False
Let d be 2/(-6) - (-39)/9. Suppose -2*j = -2*r - 280, r = d*j - r - 552. Suppose -3*l = 25 - j. Is l prime?
True
Let j(z) = 8*z + 11. Is j(15) a composite number?
False
Let i be (-10)/(-3) - 4/12. Suppose 3*j = p + 4, -2*j = i*p - 13 - 8. Suppose -148 + 55 = -j*d. Is d a prime number?
True
Suppose -s + v = -5*s - 55, 3*s - 4*v = -46. Let z = -9 - s. Suppose -z*c + 75 = 25. Is c composite?
True
Let p(f) = 11*f**2 + 11*f - 14. Is p(-9) composite?
True
Suppose 180 = 5*b + 25. Is b a composite number?
False
Let j be (15/(-6))/(-5)*-16. Let s be j/(-36) + 961/9. Suppose -4*k + s - 15 = 0. Is k prime?
True
Let k be -3 + (-4)/((-4)/3). Suppose k = c - 2*c. Suppose 3*m + c*m - 273 = 0. Is m prime?
False
Let a = -48 + 87. Suppose 2*o + o = a. Is o composite?
False
Is (-22724)/(-6) + 17/(-51) composite?
True
Let z be (-1 + 2)*(4 + -3). Let m be 2/(-8) - z/(-4). Suppose -5*n - p + 3*p + 22 = m, 18 = 5*n - 3*p. Is n a composite number?
True
Suppose -5*d - 1281 = -8086. Is d a prime number?
True
Let u(p) = 1260*p**2 + 4*p + 3. Is u(-1) composite?
False
Suppose -5*z + 7 + 3 = 0. Suppose 3*k = -z*f - 21, 0*k - 21 = 3*k - 2*f. Let u(a) = -a**2 - 8*a + 4. Is u(k) a composite number?
False
Let h = -8 + 8. Is (-1 + h)*(2 - 987) a composite number?
True
Let m be (-1)/(-2)*1*0. Suppose m = -6*k + 3*k + 24. Suppose -u + 3 = -k. Is u prime?
True
Suppose 6 = -2*z, z + 11 = j - 2*z. Suppose j*h = -h + 9. Suppose h*n - 332 = -n. Is n prime?
True
Let h(v) = -6*v**2 - 8*v - 4. Let y(q) = 5*q**2 + 8*q + 5. Let a(x) = -4*h(x) - 5*y(x). Let z(c) = 2*c + 10. Let j be z(-8). Is a(j) a composite number?
False
Let w = -140 + 255. Is w a prime number?
False
Suppose 0 = -0*h + 2*h - 18. Let q = h + -5. Suppose -45 = -p - 0*p + q*u, 3*p + 4*u = 167. Is p a composite number?
False
Suppose -8*u = -3*u - 2*g - 1329, -5*g + 1083 = 4*u. Is u composite?
True
Let o = -12 + 14. Suppose 5*a - o*c - 237 = -6*c, -145 = -3*a - c. Is a a prime number?
False
Let l(b) = -5*b. Let s = -1 - -6. Let j be l(s). Let d = j - -60. Is d a composite number?
True
Suppose 3*x + 4*o = 11317, o + 4*o - 15091 = -4*x. Is x a composite number?
False
Let w(b) = b**2 - 13*b + 18. Let i be w(12). Suppose -530 = r - i*r. Is r a prime number?
False
Let q(l) = 2*l**3 - 3*l**2 - l + 4. Let j be q(7). Let s = j - 249. Is s a composite number?
True
Let t = -56 + 91. Is t/(-5)*(-18 + 1) a composite number?
True
Let x(c) = -2*c**2 + 10*c - 9. Let y be x(6). Is (-2409)/y + 8/28 composite?
True
Is -94*(-4)/(3 + 5) prime?
True
Suppose j + 2*j = -6. Suppose -2*n - 18 = -64. Let i = n + j. Is i composite?
True
Suppose 0 = -5*y + 6 - 31. Is (y + 118)*(2 + -1) a composite number?
False
Let v = -1505 - -3198. Is v a prime number?
True
Suppose 4*u = -5*s + 3*s - 10, 2*s = 5*u + 17. Is -1 + 2 + s - -83 composite?
True
Let j be (-2 + (-8)/(-10))*-5. Is 1/((j/447)/2) a prime number?
True
Is -38*(3 - 4) - 4 composite?
True
Suppose -3372 = -4*r - 3*c - c, -4*r + 3348 = -2*c. Is r prime?
True
Let k be (0*(-2)/6)/(-3). Suppose -5*a + 45 = 2*l, k*l + 5*l = 5*a - 10. Is a a composite number?
False
Suppose 1 + 775 = 8*m. Is m a composite number?
False
Let z(p) = 6*p**2 - 11*p - 10. Is z(9) a composite number?
True
Suppose -3*a + 612 - 222 = -3*u, 5*u + 15 = 0. Is a a prime number?
True
Let j(v) = 2*v**3 - 3*v + 3*v**2 + 4*v**3 - 5*v**3 - 3. Let 